).
19, 43
Let h(o) = 116*o + 26. Let u be h(5). Let v = u + -315. What are the prime factors of v?
3, 97
Let j(k) = k**3 + 20*k**2 + 19*k - 5. Let v be j(-18). Let c = 529 - v. Let i = -151 + c. What are the prime factors of i?
7, 11
Suppose -m = -8*j + 7*j - 12107, -m - 5*j + 12071 = 0. What are the prime factors of m?
12101
Let l be 14/(-8) + 2 - 120/(-32). Suppose q - 4*u = 3, l*u = 8*q - 6*q + 2. Let p(h) = -3*h + 12. List the prime factors of p(q).
3
Suppose -23*w = -29*w + 89143 + 298127. What are the prime factors of w?
3, 5, 13, 331
Let j(z) = -26*z**3 + 1. Let k be j(-1). Suppose -9*m = -18 - k. Suppose a - 13 = -2*l - 4, -m*a - 5*l + 35 = 0. List the prime factors of a.
5
Suppose -19*m + 39235 = 34*m - 34*m. List the prime factors of m.
5, 7, 59
Let o(n) = n**2 + 6*n + n - 6*n - 21. Let w be o(-7). Let x(t) = t**2 - 18*t - 29. What are the prime factors of x(w)?
2, 17
Suppose -321*p + 319*p - 908 = 0. Let v = -177 - p. What are the prime factors of v?
277
Let q(v) = v**3 - 10*v**2 + 17*v + 8. Let o be q(8). Suppose -6*s = -4*s + o. List the prime factors of (-8 - (s - -4)) + 44.
2, 5
Let p(i) = -i**2 + i + 45. Let z be p(-6). Suppose 846 = z*j + 39. What are the prime factors of j?
269
Let d be ((-387)/(-12))/(2/8). Suppose 22 + 560 = -6*o. Let v = o + d. List the prime factors of v.
2
Let j(k) be the third derivative of k**5/60 + 5*k**4/8 + 11*k**3/3 - 964*k**2. Suppose m + m = -34. What are the prime factors of j(m)?
2, 7
Let c(l) = -34*l. Let u be c(1). Let o = u + 41. Suppose 0 = k - 5*f - 112, -3*k - o*f + 3*f = -298. List the prime factors of k.
2, 3, 17
Let m(q) = q**3 - 13*q**2 + 22*q + 2. Let k be m(11). Let o be (1 - k)*(1 - 3). Suppose 0 = x + o*j - 265, x - 267 = -0*x - j. What are the prime factors of x?
269
Let m(i) = -5*i - 28. Let v be m(-6). Let f be (-1)/v + (-341)/(-2). Suppose 719 = 7*z - f. What are the prime factors of z?
127
Suppose 0 = 23*b - 17*b + 354. Let c be (-882)/8 + (-2)/(-8). Let d = b - c. What are the prime factors of d?
3, 17
Suppose -67225 + 15253 - 27932 = -8*r. What are the prime factors of r?
2, 11, 227
Let f(o) = 3*o**3 - 5*o**2 + 8*o - 25. Let v be (3*4/36)/((-4)/(-96)). What are the prime factors of f(v)?
5, 251
Suppose 286 = 29*w + 83. List the prime factors of 4*((-422)/(-4) - w).
2, 197
Suppose 0 = 3*t - 23*n + 20*n - 213798, -3*t + 213840 = 4*n. What are the prime factors of t?
2, 59, 151
Suppose -597*j - 41258 = -604*j. What are the prime factors of j?
2, 7, 421
Let t(m) be the third derivative of m**6/120 + m**5/30 - 2*m**4/3 + 10*m**3/3 - 20*m**2 + 1. List the prime factors of t(7).
349
Let n = -404 - -786. Let z = n + -292. List the prime factors of z.
2, 3, 5
Suppose 24*o - 110971 = 8*o + 26037. List the prime factors of o.
8563
Let l = -107 - -280. Let x = l + 4. Suppose 2 = 2*i, 3*i - 7*i = v - x. List the prime factors of v.
173
Let x(d) = -417*d + 325. List the prime factors of x(-22).
7, 23, 59
List the prime factors of 45098/3 + 105/315 - 2.
15031
Let f(b) = -4*b**2 - 704*b + 101. What are the prime factors of f(-59)?
7, 37, 107
Let h be (266/(-4))/((-16)/(-32)). Let a = 134 + h. What are the prime factors of ((-4)/3 + a)/(12/(-3924))?
109
Suppose 61 = f + 166. Let c = 110 + f. Suppose c*b - 4*b = 128. List the prime factors of b.
2
Let x(s) = 5*s**2 + 4*s + 4. Let n be x(-1). What are the prime factors of (-9620)/(-26) - -1*n?
3, 5
Suppose -3*b = 2*f - 10, -2*f + 2 = 5*b - 16. Let g(q) = 75*q - 26. List the prime factors of g(b).
2, 137
Suppose 2*y - 2*r - 91 = 211, y + 3*r - 155 = 0. Suppose 2*s - 292 = y. What are the prime factors of s?
2, 3, 37
What are the prime factors of 153985/35 + 68/(-119)?
53, 83
Let i be (((-2)/(-4))/1)/(3/12). Suppose -f + 53 = -5*s, s - 111 = -i*f + 6*s. What are the prime factors of f?
2, 29
Let l(x) = -194*x**3 + 6*x**2 - 2*x + 9. What are the prime factors of l(-4)?
11, 17, 67
Let a = -3550 - -4795. List the prime factors of a.
3, 5, 83
Let h(z) = 2*z**2 - 10*z + 13. Let d be h(4). Suppose 2*q - 28 = -4*g, 5*g + 0*q - 26 = 2*q. List the prime factors of 3/(g/8) + d*11.
59
Suppose -2684362 = -1640*v + 1620*v - 941262. What are the prime factors of v?
5, 17431
Let c be 2199/3 + 35 + -38. Let u = c - 497. List the prime factors of u.
233
Suppose 5*q - 31 = -3*w, q + 3 = 2*w + 4. Let z be (35/15)/(w/6). Suppose d - z*d = -612. List the prime factors of d.
2, 3, 17
Let k(z) = z**3 - 5*z**2 - 27. Let g be k(6). Suppose -3312 = g*f - 18*f. List the prime factors of f.
2, 23
Let z(m) = m**3 - 14*m**2 - 66*m - 145. What are the prime factors of z(45)?
2, 5, 19, 157
Let w = 4918 - -578. List the prime factors of w.
2, 3, 229
Let x be 0/(-5*(-3)/15). Suppose 5*v - 2809 + 759 = x. Suppose 0*k = -5*k + v. What are the prime factors of k?
2, 41
Let s be (1/(7 + -4))/((-3)/10215). Let o = 2317 + s. List the prime factors of o.
2, 3, 197
Let k = 181 + -36. Let z = k - -66. Suppose 12*n = z + 65. What are the prime factors of n?
23
Suppose 24*c + 224982 = 28*c + 25*c. What are the prime factors of c?
2, 3, 431
Let w(b) = 66*b**2 - 678*b + 55. List the prime factors of w(16).
17, 359
Let c be 0*5*(-3)/45. Suppose -28*z + 32094 + 4250 = c. What are the prime factors of z?
2, 11, 59
Suppose 33 = 32*b - 31. What are the prime factors of (-3)/b*4 + (-4 - -1988)?
2, 23, 43
Suppose 0 = -3*c + 5*u - 28, -5*c - 26 - 12 = -4*u. Let t be c/(-21) - (-11085)/35. Suppose -3*q = 5*o - t, -2*q - o = o - 210. List the prime factors of q.
2, 13
Suppose 110*v = 2*v + 104925 + 231063. List the prime factors of v.
3, 17, 61
Let g(x) = -2*x**3 + 19*x**2 - 8*x - 4. Let j be g(9). Suppose -729 + 4183 = 3*h + 5*u, 2*h + j*u = 2301. List the prime factors of h.
1153
Suppose 22*w = 42*w - 100020. What are the prime factors of w?
3, 1667
Suppose -u + 2448 = 271. Suppose u = -c + 8*c. List the prime factors of c.
311
What are the prime factors of (-16 - (-1690)/40)/((-1)/(-724))?
3, 5, 7, 181
Let j = 5063 - -938. Suppose 4*z - j = -233. List the prime factors of z.
2, 7, 103
Suppose -4*v + 6949 = 3*b, 11*v - 2*b = 14*v - 5211. What are the prime factors of (v/(-25) - -4)*-5?
3, 109
List the prime factors of -5 - ((-40)/(-24)*9)/(1/(-3462)).
5, 31, 67
What are the prime factors of -8 - (928716/(-15) - (16 - 1230/75))?
2, 13, 2381
Suppose -4*m = 20, 5*z + 2*m = 37221 - 4526. What are the prime factors of z?
31, 211
What are the prime factors of (-4)/(8/120*20) - -662?
659
Suppose 157*v = 159*v + 1746. Let h = -577 - v. What are the prime factors of h?
2, 37
Suppose n - 60 - 456 = 4*d, -2*d - 10 = 0. Suppose 4*i - i + 512 = a, i - n = -a. List the prime factors of a.
2, 5
Suppose 45125 = 5*l - 5*a, 9*a + 9016 = l + 5*a. List the prime factors of l.
2, 37, 61
Let x = 3835 + -1488. Let d = x - 1544. List the prime factors of d.
11, 73
Let v(g) = 11*g**2 - 103*g + 107. What are the prime factors of v(38)?
13, 929
Let w(r) = 4*r + 170. Let s be w(-40). Let j(t) = 3*t**3 - 17*t**2 - 18*t - 55. What are the prime factors of j(s)?
3, 5, 71
Let v be 4/(2*((-65)/(-20) + -3)). Suppose -10*y + v*y = -1252. List the prime factors of y.
2, 313
Let v = 1060 - 1535. Let c = v + 688. What are the prime factors of c?
3, 71
Let j(n) = 5*n**3 - 40*n**2 + 217*n - 7. List the prime factors of j(5).
19, 37
Let z = -225 - -252. Suppose z*d - 23*d = 1756. What are the prime factors of d?
439
Let j(r) = r**3 - 5*r**2 + 8*r - 14. Let i be j(4). Suppose 4*l - i*z = l + 190, 3*z = l - 68. Suppose -63*x + 228 = -l*x. What are the prime factors of x?
2, 3, 19
Let o = -181 + 398. Suppose 0 = -3*b + 2 - 5, o = 2*k - b. What are the prime factors of k?
2, 3
Let l be -1 + 2 + -5 + 6. Suppose l*t = -2*a + 2314, -3*t + 4*t - 5801 = -5*a. What are the prime factors of a?
3, 43
Suppose f - 2*p - 12 = -4*p, f - 4*p = 0. Suppose 0 = f*h - 1692 + 364. What are the prime factors of (h - -1)*(18 - 17)?
167
Let a = 19 - 15. Suppose r - 2*g = 1, a*r + 21 = -g + 7. List the prime factors of r*(1 + 25/(-15)).
2
Let m be 6 - (3/(-3) - 1)*1. Suppose -t + 270 = m*t. List the prime factors of 24*1/(8/t).
2, 3, 5
Let i be 2/5 - (336/30)/(-7). Suppose -4*u + u + 1 = i*n, n + 16 = 4*u. List the prime factors of (104/u)/(7/21).
2, 13
Suppose 5*r - 13 + 3 = 0. Suppose 6*q - q = r*u - 183, u - 99 = q. Let n = 221 - u. List the prime factors 